30 = 0. What is the greatest common divisor of p and a?
18
Let j(q) = -q**2 + 19*q - 6. Let a be j(13). Let x = -29 + a. Let o be 299 - 4*3/(-6). What is the highest common divisor of o and x?
43
Let v be (1 - -1 - 442/91)/((-1)/7). What is the highest common divisor of v and 16180?
20
Suppose 2*w - 16 = -52. Let r be (-4 - w)/((-4)/(-6)). Let q = 200 - 158. What is the greatest common factor of q and r?
21
Let u be ((-2)/7 - 60/35) + 136. Let d = u + -78. Suppose 5*s - 3*a - 40 = 3*s, -a = 2*s - d. What is the greatest common divisor of 156 and s?
26
Let d(z) = -51*z**2 + 5. Let x be d(-3). Let i = -914 - x. Let p be 1/(-2)*i/10. Calculate the highest common factor of p and 69.
23
Let q(m) = -900 + 918 - 3*m - 8*m - m**2 - 3*m. Let k be q(-15). What is the highest common factor of k and 12?
3
Let y be -3 + (-43)/2*-42. Suppose d + 24 = 3*l, -4*l - 56 = -9*l - d. What is the highest common factor of l and y?
10
Suppose 29*m = 34*m + 80. Let y(d) = -d**3 - 16*d**2 + 11. Let j be y(m). What is the greatest common divisor of 209 and j?
11
Let s be (-76)/10 - 2/5. Let c be 11 - -2 - (s + 4 - -7). Let b = 15 + -11. What is the highest common divisor of c and b?
2
Let g be 0 - (2 - (-3 + 1))/(-2). Let y(z) = -4 + 4*z**2 - 10*z + 2*z**g - 3*z**2 + 2*z. Let a be y(4). What is the greatest common factor of 16 and a?
4
Suppose -2*l = -3*m - 4279, 8*m - 4*m - 3*l + 5704 = 0. Let z = m - -1437. Let a(o) = -o + 2. Let i be a(-2). Calculate the highest common factor of i and z.
4
Let u(k) = k**2 + 12*k - 9. Let v be u(-6). Let s = -36 - v. Let c = 12 - s. Calculate the highest common divisor of c and 1.
1
Let x be (1274/78)/(5*4/960). What is the highest common divisor of x and 368?
16
Suppose -3*x + 6 = 0, -3*b + 19 + 6 = 2*x. Suppose -d = 2*c + 16 + 4, -d = -2*c + 40. Let j be 59 + 3 + -5*6/d. Calculate the highest common divisor of j and b.
7
Let f = -40 - -46. Let u(k) = k**2 - 7*k + 21. Let w be u(f). Suppose w*c = 7*c + 192. Calculate the highest common divisor of 36 and c.
12
Let s be (-5052)/10*(-4250)/102. What is the highest common divisor of s and 150?
50
Let z(q) = 4*q**2 - 3 + 10 + 3 + 17. Let k be z(0). Calculate the highest common divisor of 189 and k.
27
Suppose u = 119*v - 116*v - 393, -366 = -3*v - 2*u. What is the highest common divisor of v and 74?
2
Suppose -l + 3*p + 1048 = -253, 2*l = -p + 2588. Calculate the highest common factor of l and 210.
35
Let m = 30922 - 30864. What is the greatest common divisor of 29 and m?
29
Let z(i) = i**3 - 36*i**2 + 38*i + 15. Let f be z(35). Suppose 0 = 6*l - 2*l - 56. Let a = 62 - l. Calculate the highest common divisor of f and a.
24
Let k = 5 - -82. Let x be k/27 + 2*(-2)/18. Suppose x*n + 4*t - 126 = 0, 2*t + 25 = 2*n - 73. What is the highest common factor of 92 and n?
46
Suppose -4*c + 11603 = 5*o, -25*o - 20 = -21*o. What is the greatest common divisor of c and 1683?
153
Suppose 126*m + 91*m - 212520 = 7*m. Calculate the highest common factor of 1656 and m.
92
Let z(n) = -93*n - 24. Let c be z(3). Let w = 343 + c. Calculate the greatest common divisor of 180 and w.
20
Suppose 2*p + 3*p + 50 = 0. Let n(d) = 2*d**2 + 15*d - 9. Let i be n(p). Suppose -17 = o - i. Calculate the highest common divisor of o and 60.
12
Let i be 1 - (-10 + (3 - 6)). What is the greatest common divisor of 5446 and i?
14
Let f be (-2)/51 - (-38215650)/5814. Calculate the highest common divisor of f and 21.
21
Let o(v) = 2*v**3 - 20*v**2 + 8*v - 20. Let w be o(10). Let s be (-792)/(-27) - 8/(-12). What is the greatest common divisor of w and s?
30
Let h(j) = -j**2 + 16*j - 41. Let r be h(12). Let y(x) = -36*x + 14. Let a be y(r). Let i = -147 - a. What is the greatest common factor of i and 13?
13
Let q = 1449 + -1111. Calculate the greatest common factor of q and 208.
26
Let n = -18122 - -18162. Calculate the highest common divisor of n and 7616.
8
Let k be (-1 + 3)*300/200. Let s be 1*0*(-1)/(-2). Suppose s = 3*b + k*b - 192. Calculate the greatest common factor of 4 and b.
4
Let a = 278 + -722. Let h be (23*2)/(4 + a/114). What is the greatest common factor of 19 and h?
19
Suppose 23*v - 182 = -3*v. Suppose 87 + 53 = 5*a. Suppose a = l - 0*l. Calculate the greatest common factor of v and l.
7
Let l = -14870 - -14933. Let y be (3*3)/(10/560). Calculate the greatest common factor of y and l.
63
Let u = -3391 - -3417. Let h(n) = -60*n - 3. Let s be h(-2). What is the highest common divisor of s and u?
13
Let q(h) = h**2 - 2*h + 22. Let r be q(5). Let b be (-3)/24*-2666 - (-6)/(-24). What is the highest common divisor of r and b?
37
Let t(d) = -2*d**3 - 16*d**2 + 19*d + 16. Let x be t(-9). Let q(s) = 88*s - 213. Let a be q(x). Calculate the greatest common factor of 26 and a.
13
Suppose -1209 = -p + 3*r, 37*r = -3*p + 38*r + 3643. Calculate the greatest common factor of p and 10.
5
Let h be 11/(-2) + 1248401/434. Calculate the highest common factor of 330 and h.
33
Let z be 3*(-2 - -3) - -109. Let b be (-6 - (-475)/10)*2. Suppose 0 = -2*j - 3*j - m + b, m = -j + 19. What is the greatest common factor of j and z?
16
Let c be -5 + (-2)/(23598/132088 - (-4)/(-22)). Calculate the highest common divisor of c and 198.
33
Let v = 451 + -480. Let n(f) = -f**3 - 29*f**2 + f + 128. Let s be n(v). Calculate the greatest common factor of 9 and s.
9
Suppose 0 = -2*n + 2*x + 2*x - 14, -3*n + 2*x - 5 = 0. Let j be (0 - (-2 + n)) + (-35 - -139). What is the greatest common divisor of j and 245?
35
Let u = -467 - -852. Calculate the highest common factor of u and 49280.
385
Suppose -14*j = -10*j + 17*r, -243 = 4*j - 9*j - r. Let n be (54/12)/((-3)/(-8)). Calculate the greatest common factor of n and j.
3
Suppose -298*p + 297*p = 3*i - 2965, 0 = 4*i - 2*p - 3970. Calculate the highest common divisor of i and 3762.
198
Suppose -4*i + 3491 = -18993. Calculate the greatest common factor of i and 308.
77
Suppose -2*f - 3*p = -9, -3*p + 2 = f - 1. Let h(z) = 4*z**2 + 81*z - 331. Let m be h(5). Calculate the highest common divisor of f and m.
6
Let v = -430 + 704. Suppose -v = -5*w + 101. Suppose -4*s = -w - 37. Calculate the greatest common divisor of s and 4.
4
Let p(j) = -j**2 - 20*j - 25. Let w be p(-9). Let k = 102 - w. Suppose 3*f = -3*m + 63, -m + 0*m = 4*f - 84. Calculate the highest common divisor of k and f.
7
Suppose -2363*w = -2390*w + 202122. What is the greatest common divisor of 114 and w?
38
Let q = -8 + 14. Suppose -19220 - 28024 = -254*x. Calculate the highest common factor of q and x.
6
Suppose -5*p + 250 = -50. Let g = 541 + -493. Calculate the highest common divisor of g and p.
12
Let m(j) = 3*j**3 + j**2 - 6*j + 6. Let b be m(3). Let w = b - 70. Suppose q = 2*f + 2, -3*f + w*f - 10 = -5*q. What is the highest common factor of 34 and q?
2
Suppose 13 = 4*i - l, -4*l = 3*i - 4*i - 8. Suppose 238 = -4*f + 4*x + 2222, -f + i*x + 502 = 0. Calculate the greatest common factor of 52 and f.
26
Suppose 2*g = 5*z + 122 - 24, -2*g = 3*z - 146. What is the greatest common factor of g and 8544?
32
Suppose -2*a = 3*a - 935. Let m = -31724 + 31741. Calculate the highest common factor of a and m.
17
Let q be 5*((-1635)/(-25) - -5). Let w = q - 130. Suppose 4*v = 4*u + 206 + w, -5*u + 113 = v. Calculate the greatest common divisor of v and 12.
12
Let g be (-5 + -7 + 3)*15/(-9). Suppose -3967 = -g*x + 2108. Calculate the highest common divisor of x and 5.
5
Suppose -178*u + 88*u + 151110 = 0. What is the greatest common factor of u and 69?
23
Suppose -48*y + 54*y = 102. Let d be (-6)/(-2)*(-12)/(-18). Suppose -d = -2*x + q + 33, -4*x - 2*q + 66 = 0. Calculate the highest common divisor of x and y.
17
Suppose -j + 5*k + 90 - 57 = 0, 3*j + 3*k = 45. Calculate the highest common divisor of 3177 and j.
9
Suppose 53 + 41 + 176 = 18*l. What is the greatest common divisor of 8445 and l?
15
Let c = 224 - 9. Let r be (-2)/((1232/(-110))/28). What is the greatest common divisor of r and c?
5
Let w(z) = 94*z + 802. Let i be w(-7). What is the highest common factor of 912 and i?
48
Let r(b) = 134*b**2 - 26*b - 303. Let g be r(-12). Calculate the greatest common divisor of g and 135.
135
Suppose 6*p - 3*p = 0, 14*y + 5*p - 518 = 28. Let s(c) = c**3 + 14*c**2 + 5*c + 4. Let j be s(-7). Calculate the highest common divisor of y and j.
39
Suppose -703 - 